2507
Calculate the remainder when 38255 is divided by 225.
5
What is the remainder when 4528054 is divided by 897?
895
What is the remainder when 83216 is divided by 1612?
1004
What is the remainder when 59825067 is divided by 138?
135
What is the remainder when 87131315 is divided by 139?
138
What is the remainder when 2717607 is divided by 1358801?
5
Calculate the remainder when 18008196 is divided by 380.
376
Calculate the remainder when 85061 is divided by 826.
809
What is the remainder when 665141 is divided by 41?
39
Calculate the remainder when 5160592 is divided by 11.
8
What is the remainder when 511008 is divided by 380?
288
What is the remainder when 12753152 is divided by 3621?
3611
Calculate the remainder when 724342 is divided by 240988.
1378
What is the remainder when 6454754 is divided by 5672?
18
Calculate the remainder when 3788210 is divided by 3100.
10
Calculate the remainder when 352901 is divided by 19591.
263
Calculate the remainder when 13647957 is divided by 22.
15
Calculate the remainder when 94680 is divided by 13351.
1223
What is the remainder when 71868391 is divided by 921?
919
Calculate the remainder when 4074196 is divided by 4074190.
6
Calculate the remainder when 84131 is divided by 14018.
23
What is the remainder when 260452211 is divided by 8401684?
7
What is the remainder when 212419 is divided by 1406?
113
Calculate the remainder when 68209 is divided by 1722.
1051
Calculate the remainder when 36820794 is divided by 1721.
1720
Calculate the remainder when 107675304 is divided by 28.
16
What is the remainder when 307925 is divided by 2162?
921
Calculate the remainder when 66074 is divided by 991.
668
What is the remainder when 93425 is divided by 15560?
65
Calculate the remainder when 27471 is divided by 818.
477
What is the remainder when 4205421 is divided by 19?
18
What is the remainder when 530457 is divided by 8694?
123
What is the remainder when 547026 is divided by 5017?
173
Calculate the remainder when 638678 is divided by 106423.
140
What is the remainder when 1012396 is divided by 506041?
314
What is the remainder when 5391495 is divided by 15?
0
What is the remainder when 422856511 is divided by 38?
35
Calculate the remainder when 226235 is divided by 16.
11
What is the remainder when 628985 is divided by 1647?
1478
Calculate the remainder when 2658554836 is divided by 27.
25
Calculate the remainder when 741742 is divided by 2101.
89
What is the remainder when 23554485 is divided by 309?
33
Calculate the remainder when 72362991 is divided by 291.
21
Calculate the remainder when 36967 is divided by 4091.
148
What is the remainder when 37031431 is divided by 313?
88
What is the remainder when 51202241 is divided by 117?
116
Calculate the remainder when 5721 is divided by 566.
61
Calculate the remainder when 6815799 is divided by 567980.
39
What is the remainder when 238219 is divided by 1875?
94
Calculate the remainder when 11963579 is divided by 2036.
43
Calculate the remainder when 1991873 is divided by 43301.
27
What is the remainder when 149891 is divided by 12781?
9300
Calculate the remainder when 63297 is divided by 3595.
2182
What is the remainder when 40521583 is divided by 1142?
1139
What is the remainder when 39408759 is divided by 7881748?
19
Calculate the remainder when 21467 is divided by 1651.
4
Calculate the remainder when 65127 is divided by 64934.
193
What is the remainder when 69082 is divided by 21813?
3643
Calculate the remainder when 236672398 is divided by 59168099.
2
Calculate the remainder when 92573563 is divided by 76.
15
Calculate the remainder when 1577037 is divided by 38.
37
What is the remainder when 133664296 is divided by 26732859?
1
What is the remainder when 35090 is divided by 428?
422
What is the remainder when 24904 is divided by 3669?
2890
What is the remainder when 525333 is divided by 43775?
33
What is the remainder when 1195720 is divided by 154?
64
What is the remainder when 136877 is divided by 232?
229
What is the remainder when 5515661 is divided by 2817?
2792
What is the remainder when 22110512 is divided by 303?
299
What is the remainder when 65316 is divided by 65284?
32
What is the remainder when 141986 is divided by 35442?
218
Calculate the remainder when 12850 is divided by 296.
122
What is the remainder when 11599 is divided by 3128?
2215
Calculate the remainder when 5452653 is divided by 1090530.
3
What is the remainder when 150526 is divided by 42?
40
What is the remainder when 3015681 is divided by 37?
33
Calculate the remainder when 1580787 is divided by 52.
39
Calculate the remainder when 216964 is divided by 1218.
160
Calculate the remainder when 5049233 is divided by 162.
17
Calculate the remainder when 7720030 is divided by 1929981.
106
Calculate the remainder when 18919 is divided by 61.
9
What is the remainder when 889678 is divided by 4707?
55
What is the remainder when 126130 is divided by 4204?
10
What is the remainder when 208489 is divided by 440?
369
Calculate the remainder when 4455844 is divided by 19.
2
What is the remainder when 50874 is divided by 38453?
12421
What is the remainder when 2111273 is divided by 75?
23
Calculate the remainder when 361513 is divided by 3808.
3561
Calculate the remainder when 2078696 is divided by 5021.
2
What is the remainder when 1766854 is divided by 543?
475
What is the remainder when 194886 is divided by 229?
7
Calculate the remainder when 1552638 is divided by 4553.
65
What is the remainder when 250486 is divided by 7013?
5031
Calculate the remainder when 1218031 is divided by 5033.
45
Calculate the remainder when 468477083 is divided by 16.
11
Calculate the remainder when 19263 is divided by 2741.
76
Calculate the remainder when 3601 is divided by 2295.
1306
Calculate the remainder when 89071 is divided by 1825.
1471
Calculate the remainder when 31753101 is divided by 145.
131
Calculate the remainder when 18658242 is divided by 2081.
2077
Calculate the remainder when 5191237 is divided by 148321.
2
What is the remainder when 3886607 is divided by 277613?
25
What is the remainder when 9781819 is divided by 5561?
20
What is the remainder when 2532350 is divided by 3469?
3449
Calculate the remainder when 246392 is divided by 1851.
209
Calculate the remainder when 1219254 is divided by 71719.
31
Calculate the remainder when 397640 is divided by 889.
257
What is the remainder when 81900 is divided by 542?
58
Calculate the remainder when 3619365 is divided by 40.
5
Calculate the remainder when 1940625 is divided by 354.
351
What is the remainder when 6247974 is divided by 575?
24
Calculate the remainder when 34310805 is divided by 80.
5
Calculate the remainder when 391685 is divided by 152.
133
What is the remainder when 81379768 is divided by 10392?
16
What is the remainder when 23160399 is divided by 984?
975
What is the remainder when 544399 is divided by 15581?
14645
What is the remainder when 265206 is divided by 624?
6
What is the remainder when 38102 is divided by 14?
8
Calculate the remainder when 6144763 is divided by 80850.
163
What is the remainder when 135194 is divided by 518?
514
What is the remainder when 2851689 is divided by 434?
309
Calculate the remainder when 191666 is divided by 4166.
30
What is the remainder when 31546 is divided by 2473?
1870
What is the remainder when 837954 is divided by 2182?
66
What is the remainder when 1201449 is divided by 1664?
41
Calculate the remainder when 43204545 is divided by 200021.
9
What is the remainder when 7075113 is divided by 1002?
993
Calculate the remainder when 70926 is divided by 17500.
926
Calculate the remainder when 208011 is divided by 25917.
675
Calculate the remainder when 21501877 is divided by 217.
215
Calculate the remainder when 5840398 is divided by 33.
25
Calculate the remainder when 2329669 is divided by 15531.
19
Calculate the remainder when 33694 is divided by 190.
64
What is the remainder when 4951321 is divided by 4951278?
43
Calculate the remainder when 61391 is divided by 15245.
411
Calculate the remainder when 3052927 is divided by 236.
31
Calculate the remainder when 128268 is divided by 5301.
1044
What is the remainder when 169091789 is divided by 958?
957
Calculate the remainder when 31115277 is divided b